emainder when 618 is divided by 25.
18
Calculate the remainder when 276 is divided by 70.
66
Calculate the remainder when 107 is divided by 41.
25
What is the remainder when 638 is divided by 125?
13
Calculate the remainder when 386 is divided by 77.
1
Calculate the remainder when 567 is divided by 35.
7
Calculate the remainder when 1624 is divided by 125.
124
What is the remainder when 366 is divided by 90?
6
Calculate the remainder when 8 is divided by 5.
3
Calculate the remainder when 444 is divided by 7.
3
What is the remainder when 305 is divided by 13?
6
Calculate the remainder when 2440 is divided by 66.
64
Calculate the remainder when 127 is divided by 19.
13
Calculate the remainder when 296 is divided by 23.
20
What is the remainder when 34 is divided by 32?
2
What is the remainder when 40 is divided by 20?
0
What is the remainder when 167 is divided by 43?
38
Calculate the remainder when 165 is divided by 63.
39
What is the remainder when 130 is divided by 13?
0
Calculate the remainder when 462 is divided by 173.
116
Calculate the remainder when 31674 is divided by 35.
34
Calculate the remainder when 1631 is divided by 21.
14
What is the remainder when 4873 is divided by 16?
9
What is the remainder when 2177 is divided by 242?
241
Calculate the remainder when 182 is divided by 46.
44
What is the remainder when 17 is divided by 3?
2
What is the remainder when 179 is divided by 8?
3
Calculate the remainder when 165 is divided by 34.
29
Calculate the remainder when 313 is divided by 63.
61
What is the remainder when 1244 is divided by 13?
9
What is the remainder when 511 is divided by 115?
51
What is the remainder when 544 is divided by 26?
24
Calculate the remainder when 2916 is divided by 225.
216
What is the remainder when 175 is divided by 8?
7
Calculate the remainder when 1037 is divided by 254.
21
Calculate the remainder when 2485 is divided by 488.
45
Calculate the remainder when 51 is divided by 23.
5
Calculate the remainder when 17 is divided by 8.
1
Calculate the remainder when 1034 is divided by 6.
2
Calculate the remainder when 2105 is divided by 234.
233
What is the remainder when 4647 is divided by 2323?
1
Calculate the remainder when 933 is divided by 136.
117
What is the remainder when 964 is divided by 238?
12
Calculate the remainder when 735 is divided by 186.
177
What is the remainder when 4749 is divided by 132?
129
What is the remainder when 172 is divided by 19?
1
Calculate the remainder when 251 is divided by 3.
2
What is the remainder when 82914 is divided by 23?
22
Calculate the remainder when 319 is divided by 109.
101
Calculate the remainder when 82 is divided by 49.
33
Calculate the remainder when 156 is divided by 49.
9
Calculate the remainder when 260 is divided by 6.
2
Calculate the remainder when 8495 is divided by 207.
8
What is the remainder when 1000 is divided by 17?
14
What is the remainder when 686 is divided by 172?
170
Calculate the remainder when 83 is divided by 12.
11
Calculate the remainder when 1123 is divided by 15.
13
Calculate the remainder when 2054 is divided by 17.
14
What is the remainder when 90 is divided by 38?
14
Calculate the remainder when 6435 is divided by 87.
84
Calculate the remainder when 431 is divided by 15.
11
What is the remainder when 102 is divided by 27?
21
Calculate the remainder when 32 is divided by 15.
2
Calculate the remainder when 882 is divided by 145.
12
What is the remainder when 847 is divided by 85?
82
What is the remainder when 355 is divided by 30?
25
What is the remainder when 1080 is divided by 35?
30
Calculate the remainder when 214 is divided by 3.
1
What is the remainder when 74 is divided by 19?
17
What is the remainder when 1031 is divided by 126?
23
What is the remainder when 1874 is divided by 934?
6
Calculate the remainder when 1444 is divided by 66.
58
Calculate the remainder when 11767 is divided by 4.
3
What is the remainder when 2002 is divided by 153?
13
What is the remainder when 343 is divided by 170?
3
What is the remainder when 416 is divided by 10?
6
What is the remainder when 371 is divided by 69?
26
What is the remainder when 1947 is divided by 467?
79
What is the remainder when 280 is divided by 66?
16
Calculate the remainder when 14767 is divided by 8.
7
What is the remainder when 294 is divided by 40?
14
What is the remainder when 277 is divided by 90?
7
Calculate the remainder when 168 is divided by 25.
18
Calculate the remainder when 65 is divided by 4.
1
Calculate the remainder when 206 is divided by 12.
2
What is the remainder when 33 is divided by 12?
9
What is the remainder when 749 is divided by 218?
95
What is the remainder when 1292 is divided by 27?
23
What is the remainder when 355 is divided by 51?
49
Calculate the remainder when 1717 is divided by 147.
100
Calculate the remainder when 598 is divided by 118.
8
What is the remainder when 1616 is divided by 417?
365
What is the remainder when 44 is divided by 16?
12
Calculate the remainder when 3810 is divided by 116.
98
Calculate the remainder when 130 is divided by 6.
4
What is the remainder when 539 is divided by 267?
5
Calculate the remainder when 60 is divided by 15.
0
Calculate the remainder when 1168 is divided by 58.
8
What is the remainder when 1862 is divided by 371?
7
Calculate the remainder when 11458 is divided by 382.
380
Calculate the remainder when 2475 is divided by 21.
18
Calculate the remainder when 40 is divided by 2.
0
What is the remainder when 151 is divided by 7?
4
Calculate the remainder when 578 is divided by 67.
42
What is the remainder when 621 is divided by 90?
81
What is the remainder when 75 is divided by 62?
13
What is the remainder when 222 is divided by 65?
27
What is the remainder when 5223 is divided by 13?
10
Calculate the remainder when 202 is divided by 101.
0
Calculate the remainder when 4926 is divided by 13.
12
Calculate the remainder when 703 is divided by 30.
13
What is the remainder when 178 is divided by 61?
56
Calculate the remainder when 31 is divided by 17.
14
What is the remainder when 35519 is divided by 12?
11
Calculate the remainder when 468 is divided by 120.
108
Calculate the remainder when 366 is divided by 97.
75
What is the remainder when 71 is divided by 23?
2
Calculate the remainder when 2423 is divided by 67.
11
What is the remainder when 48 is divided by 8?
0
Calculate the remainder when 383 is divided by 33.
20
Calculate the remainder when 4486 is divided by 24.
22
Calculate the remainder when 383 is divided by 273.
110
Calculate the remainder when 326 is divided by 47.
44
What is the remainder when 427 is divided by 145?
137
Calculate the remainder when 68 is divided by 5.
3
Calculate the remainder when 975 is divided by 191.
20
Calculate the remainder when 128 is divided by 11.
7
What is the remainder when 96 is divided by 59?
37
Calculate the remainder when 24821 is divided by 14.
13
Calculate the remainder when 6811 is divided by 272.
11
What is the remainder when 4918 is divided by 1225?
18
Calculate the remainder when 299 is divided by 51.
44
What is the remainder when 841 is divided by 208?
9
What is the remainder when 227 is divided by 22?
7
What is the remainder when 281 is divided by 71?
68
Calculate the remainder when 712 is divided by 42.
40
What is the remainder when 42 is divided by 12?
6
What is the remainder when 14 is divided by 5?
4
Calculate the remainder when 1435 is divided by 475.
10
Calculate the remainder when 283 is divided by 75.
58
Calculate the remainder when 947 is divided by 316.
315
Calculate the remainder when 527 is divided by 146.
89
Calculate the remainder when 93 is divided by 48.
45
What is the remainder when 245 is divided by 85?
75
Calculate the remainder when 435 is divided by 142.
9
What is the remainder when 307 is divided by 92?
31
Calculate the remainder when 36 is divided by 16.
4
Calculate the remainder when 247 is divided by 69.
40
Calculate the remainder when 5179 is divided by 108.
103
Calculate the remainder when 197 is divided by 54.
35
What is the remainder when 3055 is divided by 763?
3
Calculate the remainder when 201 is divided by 64.
9
Calculate the remainder when 2118 is divided by 24.
6
What is the remainder when 83 is divided by 13?
5
What is the